 factors of u.
5, 13
Let b be -3 + 13/(13/6). Suppose b*l + 0*l - 6 = -2*h, 0 = 5*h - 4*l - 38. Suppose 42 = 5*n + 4*u, 2*u - h*u = -4*n + 48. What are the prime factors of n?
2, 5
Let t be (-30)/(-12)*((-2 - 2) + 0). Let m be 221918/22 - t/(-55). What are the prime factors of (m/14)/11 + (-3)/(-2)?
67
Let y(p) = -3*p. Let u be y(-3). Suppose 15*d - 282 = u*d. Suppose -d - 1117 = -12*i. List the prime factors of i.
97
Let d(g) = -g**3 - 30*g**2 - 10*g + 22. Let r be d(-16). Let m be ((-1)/(-1) + 0)/((-18)/r). Let w = -92 + m. List the prime factors of w.
97
Let v = 17581 + -9126. What are the prime factors of v?
5, 19, 89
Suppose -80*z = -84*z - 8, -5*b + 3*z = -7381. What are the prime factors of b?
5, 59
Let b(c) = -2*c**3 - 7*c**2 + 2*c + 2. Let z be b(-4). Suppose -1 = o - z. List the prime factors of 3/((-1)/(-534)*o).
2, 89
Let a = 23153 - 13937. List the prime factors of a.
2, 3
Let n(a) = 7*a**2 - 20*a - 25. Let w be n(12). Suppose -5*m = 3*z - 570, z - 5*z - m = -w. What are the prime factors of z?
5, 37
Let u(k) = 44*k**2 + 96*k + 306. List the prime factors of u(-23).
2, 10687
Let i(a) = 1445*a + 3904. What are the prime factors of i(10)?
2, 3, 7, 19, 23
Let x be ((-1)/(-2))/((-2)/8). Let q be 7*13*2*x/4. Let k = 29 - q. What are the prime factors of k?
2, 3, 5
Let w = 1512 - 2229. Let k = w - -1372. List the prime factors of k.
5, 131
Let z(c) = -6*c**2 + 2*c + 10. Let q be z(-4). Let f = 221 - q. List the prime factors of f.
3, 5, 7
Let r(v) be the second derivative of v**3/6 + 3*v**2/2 - 7*v. Let w be r(-2). What are the prime factors of (-17)/(-102) + w + (-1198)/(-12)?
101
Suppose -144 = -4*v + 4*k, -3*k - 11 - 31 = -v. Let w = 36 - v. Suppose -63 - 90 = -w*p. What are the prime factors of p?
3, 17
Let q(d) = 3*d + 212. Let l be q(-10). Let v = 266 - l. List the prime factors of v.
2, 3, 7
List the prime factors of 18062/4 - (-387)/(-258).
2, 37, 61
Suppose 33155 = 5*f - 5*b, -3*f + 2*b = -2*b - 19900. List the prime factors of f.
2, 3, 23
Suppose 0 = -z - 3*p - 146, -19 = 3*z + 3*p + 431. Let c = 255 + z. What are the prime factors of c?
103
Let t(r) = 198*r**3 - 18*r**2 + 32*r - 131. What are the prime factors of t(5)?
24329
Let l = -4 - -8. Let s be (2 - -60)/(l/10). Suppose s = 5*f - 240. What are the prime factors of f?
79
Let q(l) = -l**3 + 16*l**2 - 48*l - 49. List the prime factors of q(-17).
2, 7, 23
Suppose -2*t + 126 = 12*t. Suppose t*b - 6*b - 594 = 0. What are the prime factors of b?
2, 3, 11
Let t(q) = -5*q + 2. Let l = 7 - -4. Let w = 7 - l. List the prime factors of t(w).
2, 11
Let m(w) = 2*w + 4. Let y be m(-4). Suppose -42*g + 39*g + 5*v - 18 = 0, -30 = 5*g + 4*v. List the prime factors of 1/g*24/y + 90.
7, 13
Let o(d) = 49*d**3 + 7*d**2 + 40*d - 205. List the prime factors of o(8).
113, 227
Let z be 5/(-3) + -1*50/(-30). Suppose z = -m + 6*m - d - 2019, -m + 403 = -d. What are the prime factors of m?
2, 101
Let i(u) = 2*u**2 + 5*u - 8. Let q be i(2). Suppose -q = -5*b, 0*l = -2*l + b + 1872. Suppose -4*v + l - 85 = 0. List the prime factors of v.
3, 71
Suppose 0 = -3*p + 3*i - 78, -i + 69 = -3*p - 13. Let k = p - -32. Suppose -k*a + 26 = 6. List the prime factors of a.
5
Suppose -w - 5*n + 1 = -243, -3*n = 12. Suppose -4*u + 10 = u, 4*u - w = -p. Suppose 0 = 2*f + 108 - p. List the prime factors of f.
2, 37
Suppose 23*r + 296145 = 68*r. What are the prime factors of r?
6581
Suppose -26*i + 1872 = -8*i. Suppose -i*c + 114*c = 3870. What are the prime factors of c?
3, 43
Suppose -12*p - 9522 = -39030. Suppose 1786 = 5*v - p. List the prime factors of v.
3, 283
Let r(x) = -111*x + 87. Let n be 2/((3/(-9))/((-14)/(-21))). List the prime factors of r(n).
3, 59
Let v = -221 + 221. Suppose -515 = -5*z + 2*l, 8*l - 11*l = v. What are the prime factors of z?
103
Suppose -10 = -5*x - 0*x, 0 = -5*l + x + 3168. Let g = -361 + l. List the prime factors of g.
3, 7, 13
Let u(g) = 406*g + 14. Let l(a) = -408*a - 17. Let t(b) = 3*l(b) + 4*u(b). List the prime factors of t(1).
3, 5
Let r = 757 - 785. Let c(h) = -20*h - 9. Let m be c(-6). Let i = r + m. List the prime factors of i.
83
Let f be 103/21 + 2/21. Suppose f*v + z - 517 = 363, 0 = -2*v - 3*z + 365. What are the prime factors of v?
5, 7
Suppose -28*r + m = -27*r - 10787, 32371 = 3*r - m. What are the prime factors of r?
2, 19, 71
Let a be -12 + -502 + -1*5. Let l = 1126 + a. List the prime factors of l.
607
Let q = 71 + 328. Let g = q - -249. What are the prime factors of g?
2, 3
Let f(t) = 562*t + 14. Let a be f(3). Let d be (-24)/18 - a/(-6). Let c = d + -141. What are the prime factors of c?
3, 47
Suppose w - 187 = 32. Let t be 1/(3/(2751/(-7))). Let g = t + w. What are the prime factors of g?
2, 11
Suppose 4*p + 97 = -79. Let q be -1 + (9/(-21) - p/(-28)). What are the prime factors of 75 + q + 1 + 3 + -6?
2, 5, 7
Let v(g) = 2*g**2 - 28*g + 24. Suppose -4*c = 2*b + 26, 5*b - 3*c + 2 + 63 = 0. What are the prime factors of v(b)?
2, 3, 11
Let o(q) = q**3 - 14*q**2 + 3. Let d be o(14). Suppose 6*g - d*g = 6. Suppose 89 = -g*u + 5*u - 4*h, -3*u + 92 = -h. List the prime factors of u.
31
Suppose 0 = -4*l - 2*m + 534, 8*m - 428 = -3*l + 12*m. Let k = -1 + 5. Suppose k*o = 536 - l. List the prime factors of o.
2, 5
What are the prime factors of (-3 + 38436/(-4))*11/(-66)*40?
2, 3, 5, 89
Let p be (3 - 5) + (-6)/1. Let i(c) = 9*c**2 + 15*c + 28. List the prime factors of i(p).
2, 11
What are the prime factors of 1*(1067/12 - (-65)/780)?
89
Suppose -7*q - 33 - 30 = 0. Let n = 14 + q. Suppose -n*p = 0, -3*u + 104 = p - 34. What are the prime factors of u?
2, 23
Let x be 2/3 - ((-147)/9 - -2). Suppose -x*n = -17*n + 1718. List the prime factors of n.
859
List the prime factors of (-2)/3 + 7943121/513.
3, 13, 397
What are the prime factors of 1205 + 22 + (3/(-4) - 7/28)?
2, 613
Let w(j) = -j**3 + 56*j**2 + 3*j + 47. What are the prime factors of w(13)?
3, 19, 43
Let j = 37820 + -22175. List the prime factors of j.
3, 5, 7, 149
Suppose 27*a + 29277 - 164331 = 0. What are the prime factors of a?
2, 41, 61
Suppose -78*r + 145*r = 647957. What are the prime factors of r?
19, 509
Suppose 2*y + 185 = 207. What are the prime factors of (9/(-4))/(y/(-7348))?
3, 167
Let g = -88 - -69. Let b(x) = -x - 13. Let a be b(g). List the prime factors of 4/72*-4*a*-150.
2, 5
Suppose 56*h = 51*h + 1285. Suppose -t = h + 286. Let s = -337 - t. List the prime factors of s.
2, 103
Let t(s) = 896*s**3 + 13*s**2 - 23*s - 55. What are the prime factors of t(4)?
3, 5, 43, 89
Suppose -6 = -4*c + c, -m - 3*c = -17376. List the prime factors of m.
2, 3, 5, 193
Let k(s) = 2*s**3 - 7*s**2 + 6*s - 39. Let m be k(4). List the prime factors of (-550)/((-2)/m) + 26 + -29.
2, 17
Let s(w) = -w**2 - 24*w - 43. Let n(f) = 2*f**3 + 8*f**2 - 5*f + 3. Let l be n(-5). Let b be s(l). What are the prime factors of 201 + 5/b*1?
2, 103
Let i(u) be the first derivative of -107*u**2/2 - 9*u - 3. Suppose -25*g = g + 52. List the prime factors of i(g).
5, 41
Let f(n) = n**2 - 12*n + 12. Let v be f(10). Let p(c) = -9*c - 4. Let o(s) = -9*s - 5. Let l(q) = 7*o(q) - 6*p(q). What are the prime factors of l(v)?
61
Suppose 0 = -z - 9 + 14. Suppose g = -o + 359 - 29, -2*o = -z*g - 681. List the prime factors of o.
3, 37
Let k = 3031 + 13195. What are the prime factors of k?
2, 7, 19, 61
Let u(h) = -12*h - 4*h + 20 + 23 + 3*h**2 + 44*h**2. List the prime factors of u(3).
2, 11, 19
What are the prime factors of 175/(-35) + 18/3 + 17306?
3, 641
Let y(p) = -6*p + 33. Let r be y(5). Suppose -3*d = -q + 6*q - 33, d - 15 = -r*q. Suppose -d*t = -268 - 326. What are the prime factors of t?
3, 11
Let y(g) = 9689*g - 377. What are the prime factors of y(1)?
2, 3, 97
Let h = -51 - -88. Let y = -52 + 31. Let v = h - y. List the prime factors of v.
2, 29
Let u = 164 + -283. Let a = 568 - u. List the prime factors of a.
3, 229
Let x = 59291 - 1310. List the prime factors of x.
3, 7, 11, 251
Let a = 39437 + -17258. List the prime factors of a.
3, 7393
Suppose 4*f + 8 = -4*m, 3*m - f + 6 = -0*m. Let s be (m - 1)*1*6/9. What are the prime factors of (12/15)/(s/(-85)) + 0?
2, 17
Let r(o) = 338*o + 16. Let q = -190 + 193. List the prime factors of r(q).
2, 5, 103
Suppose 12*j - 1191 = 537. Suppose -7*n + 132 = -43. Suppose -21*x = -n*x + j. List the 